List the prime factors of 1307482703.
2203, 593501
List the prime factors of 5107098246.
2, 3, 139, 6123619
What are the prime factors of 466505049?
3, 29, 1229, 4363
List the prime factors of 2783967812.
2, 199, 3497447
List the prime factors of 336998652.
2, 3, 167, 337, 499
What are the prime factors of 268100741?
31, 278981
List the prime factors of 522748006.
2, 11, 47, 505559
List the prime factors of 95176223.
103, 924041
List the prime factors of 4385818235.
5, 877163647
What are the prime factors of 304725498?
2, 3, 7, 11, 89, 7411
What are the prime factors of 469982152?
2, 499, 117731
List the prime factors of 2892827742.
2, 3, 7, 4597, 14983
What are the prime factors of 42446375?
5, 43, 53, 149
List the prime factors of 340828435.
5, 2797, 24371
What are the prime factors of 23163553?
7, 23, 143873
List the prime factors of 462384001.
10103, 45767
What are the prime factors of 682240060?
2, 5, 1201, 28403
List the prime factors of 639085383.
3, 23, 29, 3943
List the prime factors of 457910403.
3, 152636801
What are the prime factors of 755634950?
2, 5, 7, 761, 2837
What are the prime factors of 2771706910?
2, 5, 7, 39595813
What are the prime factors of 29528497?
59, 500483
List the prime factors of 353758357.
89, 241, 16493
List the prime factors of 257307354.
2, 3, 499, 1061
List the prime factors of 52412638.
2, 137, 197, 971
List the prime factors of 11286458.
2, 1217, 4637
What are the prime factors of 217434841?
13, 19, 880303
List the prime factors of 1525489432.
2, 373, 511223
What are the prime factors of 70835865?
3, 5, 211, 22381
What are the prime factors of 33218333?
53, 626761
What are the prime factors of 57300996?
2, 3, 197, 24239
What are the prime factors of 2677925766?
2, 3, 1021, 437141
List the prime factors of 44414802.
2, 3, 2467489
What are the prime factors of 137441328?
2, 3, 17, 168433
List the prime factors of 429625935.
3, 5, 1619, 5897
What are the prime factors of 1956186694?
2, 7, 11, 73, 174007
What are the prime factors of 253481192?
2, 53, 597833
List the prime factors of 110678269.
13, 50377
List the prime factors of 218704467.
3, 109, 668821
List the prime factors of 2101224856.
2, 53, 4955719
List the prime factors of 5172123540.
2, 3, 5, 86202059
List the prime factors of 271695557.
7, 193, 201107
List the prime factors of 25702542.
2, 3, 475973
What are the prime factors of 5397023?
263, 20521
What are the prime factors of 46323817?
23, 29, 199, 349
List the prime factors of 2265338578.
2, 31, 61, 571, 1049
What are the prime factors of 1319353565?
5, 1597, 165229
What are the prime factors of 43040281?
1607, 26783
List the prime factors of 78607415.
5, 67, 461, 509
List the prime factors of 316456765.
5, 199, 557, 571
List the prime factors of 1153470914.
2, 107, 5390051
What are the prime factors of 2763837742?
2, 5483, 252037
What are the prime factors of 34623170?
2, 5, 43, 73, 1103
What are the prime factors of 2609180467?
23, 37, 3066017
What are the prime factors of 3213960?
2, 3, 5, 26783
List the prime factors of 639883136.
2, 4999087
What are the prime factors of 1591508387?
7, 433, 75011
What are the prime factors of 40292662?
2, 20146331
List the prime factors of 7242796424.
2, 4391, 206183
List the prime factors of 428813087.
127, 631, 5351
List the prime factors of 579402111.
3, 107, 1804991
List the prime factors of 52355799.
3, 233, 24967
List the prime factors of 313702201.
313702201
What are the prime factors of 102476550?
2, 3, 5, 11, 173, 359
List the prime factors of 108627296.
2, 131, 25913
What are the prime factors of 362126573?
362126573
List the prime factors of 2777908.
2, 7, 14173
List the prime factors of 3611684012.
2, 29, 31135207
List the prime factors of 362971611.
3, 19, 235849
List the prime factors of 109818997.
17, 23, 37, 7591
What are the prime factors of 546433354?
2, 4637, 58921
What are the prime factors of 162810817?
13, 12523909
What are the prime factors of 2854458472?
2, 367, 972227
List the prime factors of 1291497501.
3, 7, 61499881
List the prime factors of 24730120.
2, 5, 618253
List the prime factors of 451245577.
451245577
What are the prime factors of 880005006?
2, 3, 16296389
What are the prime factors of 71469939?
3, 47, 223, 2273
What are the prime factors of 4235769599?
31, 277, 493277
What are the prime factors of 1215692251?
1215692251
List the prime factors of 5513766.
2, 3, 271, 3391
What are the prime factors of 3352312?
2, 179, 2341
List the prime factors of 725716466.
2, 362858233
What are the prime factors of 283809957?
3, 94603319
What are the prime factors of 1900728412?
2, 11, 43198373
What are the prime factors of 59865580?
2, 5, 19, 257, 613
What are the prime factors of 232661509?
7621, 30529
List the prime factors of 579284568.
2, 3, 2681873
What are the prime factors of 60194997?
3, 73, 91621
What are the prime factors of 865216652?
2, 216304163
What are the prime factors of 200208224?
2, 263, 23789
List the prime factors of 1502629302.
2, 3, 103, 2431439
List the prime factors of 30354526.
2, 23, 659881
What are the prime factors of 140298888?
2, 3, 19, 89, 3457
What are the prime factors of 284920268?
2, 6607, 10781
What are the prime factors of 48690910?
2, 5, 67, 72673
List the prime factors of 895584470.
2, 5, 11, 8141677
What are the prime factors of 888983150?
2, 5, 11, 463, 3491
List the prime factors of 44077823.
44077823
What are the prime factors of 5531242014?
2, 3, 199, 1544177
List the prime factors of 665447891.
23, 29, 31, 32183
List the prime factors of 16960589.
79, 214691
List the prime factors of 952439.
952439
What are the prime factors of 76544776?
2, 7, 11, 313, 397
What are the prime factors of 50002711?
11, 4545701
What are the prime factors of 751410829?
13, 17, 31, 67, 1637
What are the prime factors of 77685975?
3, 5, 345271
List the prime factors of 1811250920.
2, 5, 23, 1968751
What are the prime factors of 6511797?
3, 67, 10799
List the prime factors of 26901767.
131, 205357
List the prime factors of 804998252.
2, 23, 8749981
List the prime factors of 413762802.
2, 3, 83, 830849
What are the prime factors of 1625059463?
31, 52421273
What are the prime factors of 447596963?
11, 40690633
List the prime factors of 2170567119.
3, 7, 103360339
What are the prime factors of 53005742?
2, 4759, 5569
List the prime factors of 2518518411.
3, 279835379
List the prime factors of 233091541.
113, 2062757
List the prime factors of 4011377079.
3, 1249, 1070557
What are the prime factors of 356129863?
19, 18743677
List the prime factors of 183415724.
2, 83, 113, 4889
List the prime factors of 209853263.
2713, 77351
What are the prime factors of 37180920?
2, 3, 5, 7, 44263
What are the prime factors of 487141810?
2, 5, 48714181
What are the prime factors of 189956603?
5209, 36467
List the prime factors of 334739912.
2, 13, 3218653
What are the prime factors of 4911632896?
2, 9593033
List the prime factors of 3147249088.
2, 49175767
List the prime factors of 8196143.
61, 134363
What are the prime factors of 168134533?
7, 3431317
What are the prime factors of 1289909802?
2, 3, 59, 157, 23209
List the prime factors of 30396964.
2, 13, 584557
What are the prime factors of 98045470?
2, 5, 9804547
What are the prime factors of 80568896?
2, 1258889
List the prime factors of 110682091.
13, 89, 271, 353
What are the prime factors of 71960642?
2, 13, 2767717
List the prime factors of 203760823.
7, 659, 44171
What are the prime factors of 952738114?
2, 476369057
List the prime factors of 151923399.
3, 79, 269, 2383
List the prime factors of 5299504640.
2, 5, 1381, 1499
What are the prime factors of 590061410?
2, 5, 59006141
List the prime factors of 361844293.
361844293
What are the prime factors of 70179966?
2, 3, 79, 16451
List the prime factors of 76535488.
2, 181, 6607
List the prime factors of 195491911.
373, 401, 1307
What are the prime factors of 19255619?
31, 401, 1549
List the prime factors of 2446004671.
11, 97, 2292413
What are the prime factors of 555093713?
2179, 254747
What are the prime factors of 234875207?
7, 19, 1765979
List the prime factors of 144328663.
2309, 62507
List the prime factors of 8597040854.
2, 53, 157, 516587
List the prime factors of 2837885056.
2, 3259, 6803
What are the prime f